 669, 5*h - 9*h = -2*z + 674. What is the tens digit of z?
2
Let l(x) = -x**3 + 15*x**2 - 12*x - 15. Let c be l(14). Let u = 22 + c. What is the units digit of u?
5
Let j be (12/(-15))/((-3)/(-30)). What is the tens digit of (j/16)/((-1)/38)?
1
Let g = 291 - 86. Suppose 405 = 4*f + 4*u - 383, f - g = -5*u. What is the hundreds digit of f?
1
Let r = 2176 - 1395. What is the units digit of r?
1
What is the tens digit of 114/(-12)*-36 - 1*4?
3
Suppose 9*h - 5*h + 32 = 0. What is the hundreds digit of 2/h - 3816/(-32)?
1
Suppose -8*n = -3*n. Let l be 22 - ((-2)/7 - (-148)/28). Suppose n = 22*t - l*t - 155. What is the tens digit of t?
3
Let p(m) = -816*m**3 + 1. What is the hundreds digit of p(-1)?
8
Let v = -247 - -682. Suppose -10*a + v + 985 = 0. What is the units digit of a?
2
Let a(l) be the second derivative of l**7/2520 + l**6/180 + l**5/120 + l**4/6 + 5*l. Let w(u) be the third derivative of a(u). What is the units digit of w(-4)?
1
What is the units digit of 2 - (-61824)/35 - (-28)/(-20)?
7
Let v = -8 - -12. What is the units digit of (56 - -1)/(5/20*v)?
7
Let t = 15 + -15. Let g = 7 + t. Suppose a - 21 = -4*k, 3*a + g*k - 2*k = 63. What is the tens digit of a?
2
Let k(w) = w + 7*w - 4 + 2*w**2 - 6*w. Let c be k(3). Suppose -c - 34 = -2*v. What is the units digit of v?
7
Suppose -5*y + 3649 = 3*z, 5*z + y = -3*y + 6099. What is the thousands digit of z?
1
Let w(k) = 56*k**2 - 2*k - 1. Let l be w(-2). Suppose l = 6*s - s + 3*g, 0 = 5*s + 4*g - 231. What is the units digit of s?
3
Let x be (12/(-30))/(2/(-30)). Suppose -219 = -x*h - 9. What is the units digit of h?
5
What is the tens digit of 0/((-5)/5) + (548 - 1)?
4
Let l(x) = -x**3 - 6*x**2 + 16*x - 15. What is the tens digit of l(-14)?
2
Let z = 26 + -11. Suppose -z*w + 14*w = -43. What is the units digit of w?
3
Let t(x) = x**3 + 2*x**2 - 10*x - 10. Let s be t(-4). What is the units digit of (s - -2 - -20)*1?
0
Let i be (-3)/9 - 259/(-21) - -1. Suppose i*g = 14*g - 115. What is the hundreds digit of g?
1
What is the hundreds digit of (8 - 5)/(0 - 3/(-265))?
2
What is the hundreds digit of 1517 - 15/(8 + -11)?
5
What is the tens digit of 2*(14/1 - 6)?
1
Suppose 5*s + 15 = -5*p, -4*p = -p + 5*s + 15. Let j be (0 + 1 - p) + -1. Suppose -4*w + 85 = 3*q, -5*q = -j*q - 5*w - 165. What is the units digit of q?
1
Let m be 2/3 - 1 - (-1045)/(-15). Let o = m - -117. What is the tens digit of o?
4
Let y(p) = 27*p**2 + 2*p - 1. Let f be y(1). Suppose 7*v - f = 5*v. Let t = v + 6. What is the units digit of t?
0
Let s(z) = -z**3 - 6*z**2 + 5*z + 3. Let c(g) = -2*g**2 - g - 1. Suppose 0 = -0*n - 5*n - 10. Let j be c(n). What is the units digit of s(j)?
7
Let u(d) = 14*d + 6 - 1 - 10. What is the tens digit of u(4)?
5
What is the tens digit of -2 - (3 + 3)*78/(-4)?
1
Suppose -3*o = -4*f - 26, -5*o + 4*f = -3*o - 24. Let u(i) = i**2 + 9*i + 0*i**2 - i**2 + i**o. What is the units digit of u(-10)?
0
Suppose 0 = -3*u - 4*t + 101, -3*u + 0*u + 2*t + 71 = 0. Suppose 0*i - i = -u. What is the units digit of i?
7
Suppose -2142 = -4*q + 11*q. Let y = 457 + q. What is the units digit of y?
1
Let m(o) = 78*o + 2. Let g be m(1). Suppose -25 + 87 = -f - 4*h, -2*h = -f - g. Let a = -47 - f. What is the tens digit of a?
2
Let j(h) = 29*h**2 + 29*h + 19. Let f be j(-15). What is the units digit of f/21 - (-2)/21?
1
Let t be ((-6)/(-5))/((-12)/(-40)). What is the tens digit of 16/(-6)*(-30)/t?
2
Let f be -2*(-2)/((-16)/(-20)). Suppose -5*j + 374 = v + 77, 0 = -j + f*v + 49. What is the tens digit of j?
5
Let o(p) be the second derivative of -p**4/12 + 13*p**3/6 + 13*p**2/2 - 7*p. What is the tens digit of o(12)?
2
What is the hundreds digit of (-4)/((-2)/(-5)*(-4)/772)?
9
Let n(g) = 2*g - 3*g**3 + g**3 - 11*g**2 + 3*g**2 + 3*g**3 + 8. Let m be n(8). What is the tens digit of 138/4 - m/(-16)?
3
Suppose 5*o - 831 = -2*s, -s = s - 6. Let p = o + -95. What is the tens digit of -2 - (4 - p)/3?
2
Suppose 32 = b + 5*g, 5*b + 2*g = 94 + 112. Let x = b + 3. What is the units digit of x?
5
Suppose 14*g - 19*g - 5 = -5*t, -5*g = -3*t - 3. Suppose t*m - y = 389, -4*m - 211 = -6*m - 5*y. What is the tens digit of m?
9
Suppose -5*j - 310 = -3*j. Let g = -420 - j. What is the tens digit of -1*g/(3 - -2)?
5
Let o(y) = 14*y**2 + 40. What is the hundreds digit of o(-7)?
7
What is the thousands digit of (4745/13)/((-11)/(-44))?
1
Let v(f) = -83*f**3 - 4*f**2 - 8*f - 3. What is the units digit of v(-1)?
4
Suppose -57 = -4*k + 75. Suppose -3*w - 4*o + 133 = 0, w - 143 = -2*w + o. Let p = w - k. What is the units digit of p?
4
Let d be (6 + -5)*(1 + 5). What is the tens digit of (-2)/(9/150*(-2)/d)?
0
Let z(y) = y**3 - 3*y**2 - 4*y + 15. Let n be z(3). Suppose -2*f + 448 + 98 = 3*s, -n*f + 830 = -s. What is the tens digit of f?
7
Suppose 5*x = 6*x - 3*f + 7, 3*f = -5*x + 1. What is the tens digit of (-6 + 0)/(x + (-40)/(-42))?
2
Suppose -4*v + 3 - 7 = -3*a, 2*v = 3*a - 8. Let f = 4 - a. Let q(h) = h**2 + 19. What is the units digit of q(f)?
9
Let c be 3/(-12) + (-1108)/(-16). Suppose c - 222 = -p. What is the units digit of p?
3
Suppose 0 = -d - 4*d + 20, -5852 = -4*l - 4*d. What is the thousands digit of l?
1
Let d(u) = -3*u**2 - 19*u - 9. Let c(b) = b**2 + 9*b + 4. Let l(k) = 5*c(k) + 2*d(k). Let j be l(7). Suppose -j*t + 4*t - 42 = 0. What is the tens digit of t?
2
Suppose t + 6 = 4*t. Suppose t*x + 15 = 5*x - 5*m, 3*m = 5*x - 25. What is the units digit of x?
5
Suppose 4*v - 3164 = 3*p - 5*p, 0 = -p + 3*v + 1587. What is the hundreds digit of p?
5
Let u(o) = 6*o**2 + o. Let s be -2 + (-8)/2 + 1. What is the hundreds digit of u(s)?
1
Let x(y) = 33*y - 106. What is the tens digit of x(4)?
2
Let i = 85 + 287. What is the hundreds digit of i?
3
Suppose 8*v - 15*v + 70 = 0. Suppose -92 = -v*p + 9*p. What is the units digit of p?
2
Suppose -5*t = 25, 2*u - 3*t - 373 = 420. What is the tens digit of u?
8
What is the units digit of (-107 + -22)*4/(-3)?
2
Let i = 3820 - 2593. What is the units digit of i?
7
Let m be (0 - -1) + 588/6. Let i = m - 47. What is the units digit of i + (0 - (-12)/(-4))?
9
Let t(x) = 14*x + 10. Let f be t(9). Suppose -2*v + 10*v - f = 0. What is the units digit of v?
7
Suppose -47*u + 48*u = 438. What is the tens digit of u?
3
Suppose 0 = -4*f + f - 111. Let o = f + 74. What is the tens digit of o?
3
Let h(z) = 2*z**2 + 4*z + 2. Let c be h(-2). Suppose -j = -w - 229, 3*w + j + 681 = -c*j. What is the tens digit of -5*(4 + w/15)?
5
Suppose -2*u = -5*k + 1086, 567 = 5*k - 5*u - 513. Suppose 59 = z - k. What is the tens digit of z?
7
Suppose -2*v - 7 = -3*c, -2*c + 5*v = -3*c + 8. Suppose p = 2*q + 196, 4*p = -c*q + 5*q + 766. What is the units digit of p?
0
Let n = -40 - -46. Let p(o) = 3*o**2 - 3*o - 17. What is the tens digit of p(n)?
7
What is the tens digit of 110/(-44)*84/(-5)?
4
Let j = 350 + 16. What is the hundreds digit of j?
3
What is the hundreds digit of 30/24 + 3 + 3347/4?
8
Suppose 63*q = 13*q + 271350. What is the thousands digit of q?
5
Let s be 2*9/(-12)*-6. Suppose -330 = -s*m + 3*m. Let y = m - 7. What is the units digit of y?
8
Suppose 8*y - 4592 = -20*y. What is the hundreds digit of y?
1
What is the hundreds digit of 123 + 726 + 0/(-2) + 4?
8
Let v(d) = d**3 + 17*d**2 + 20*d + 54. What is the units digit of v(-13)?
0
Suppose -15*t - 25*t = -99080. What is the tens digit of t?
7
What is the hundreds digit of 1 - 4 - (-331 + (-1 - 5))?
3
Let u(a) = -a**3 + a + 182. What is the tens digit of u(0)?
8
Let i be 24/16*(-2)/3. What is the tens digit of i*((-12)/(-4) - 52)?
4
Let o = -3 + 68. Suppose 3*a + 4*l = -l + 71, -5*a = -5*l - o. Let q = 8 + a. What is the units digit of q?
5
Let t(j) = 19*j - 9. What is the tens digit of t(26)?
8
Let d(j) = -4*j**3 - 3*j**2 + 6*j. Let k be d(-5). Suppose -95 = 2*m - 3*m + 4*h, -4*m + h + k = 0. Suppose -m = -14*r + 11*r. What is the units digit of r?
3
Suppose 2*z + 29 = 337. What is the tens digit of z?
5
Let y = -11 + 15. Suppose -148 - 52 = -y*h. Let n = h - 24. What is the units digit of n?
6
What is the tens digit of 3/(6/15 - 308/820)?
2
Let t(i) be the third derivative of -i**4/24 - 3*i**3/2 - i**2. Let o be t(-14). Suppose 3*g + 8 = 5*g, o*q = 2*g + 162. What is the units digit of q?
4
Let v(i) = 5*i**2 + 5*i + 86. What is the tens digit of v(-9)?
4
